 23022197.
11, 41, 51047
What are the prime factors of 41766016?
2, 269, 1213
What are the prime factors of 746341671?
3, 6491, 38327
What are the prime factors of 3511713584?
2, 89, 2466091
What are the prime factors of 3234728866?
2, 41, 251, 157163
What are the prime factors of 96042532?
2, 223, 107671
What are the prime factors of 399567975?
3, 5, 313, 17021
What are the prime factors of 180109597?
31, 41, 141707
List the prime factors of 78770081.
13, 6059237
What are the prime factors of 190861901?
190861901
List the prime factors of 198484903.
29, 6844307
List the prime factors of 278492213.
41, 59, 115127
What are the prime factors of 39951334?
2, 109, 183263
What are the prime factors of 25562348?
2, 7, 912941
What are the prime factors of 139906472?
2, 31, 37, 79, 193
List the prime factors of 101410647.
3, 13, 139, 1439
List the prime factors of 746082128.
2, 11, 17, 22669
What are the prime factors of 129071849?
269, 479821
List the prime factors of 78848599.
709, 111211
List the prime factors of 539209748.
2, 7, 11, 1750681
What are the prime factors of 38952041?
23, 929, 1823
What are the prime factors of 34717694?
2, 11, 1578077
List the prime factors of 592990533.
3, 59, 1116743
List the prime factors of 94258626.
2, 3, 7, 11, 204023
What are the prime factors of 543352390?
2, 5, 7, 139, 55843
What are the prime factors of 16379590?
2, 5, 1259, 1301
What are the prime factors of 1464636318?
2, 3, 19, 257, 49991
List the prime factors of 838362188.
2, 209590547
List the prime factors of 11764815.
3, 5, 784321
List the prime factors of 3148127160.
2, 3, 5, 277, 94709
List the prime factors of 7092983631.
3, 163, 1787, 8117
What are the prime factors of 583441344?
2, 3, 1012919
What are the prime factors of 1308924343?
43, 30440101
What are the prime factors of 50563771?
113, 447467
List the prime factors of 5524865.
5, 71, 79, 197
What are the prime factors of 869795703?
3, 7, 13806281
List the prime factors of 17071567.
1093, 15619
What are the prime factors of 1327081878?
2, 3, 73726771
List the prime factors of 1289104006.
2, 101, 6381703
What are the prime factors of 3804930241?
7, 827, 657269
List the prime factors of 15647815.
5, 1399, 2237
List the prime factors of 125412108.
2, 3, 149, 70141
What are the prime factors of 239439686?
2, 6197, 19319
What are the prime factors of 59464241?
59464241
What are the prime factors of 822535591?
23, 35762417
List the prime factors of 1972650.
2, 3, 5, 13151
What are the prime factors of 510138200?
2, 5, 11, 13, 17837
What are the prime factors of 107391089?
13, 29, 284857
List the prime factors of 657834577.
657834577
List the prime factors of 177887385.
3, 5, 13, 304081
What are the prime factors of 51998043?
3, 1511, 11471
What are the prime factors of 52660834?
2, 26330417
What are the prime factors of 911079863?
29, 31, 593, 1709
What are the prime factors of 87072575?
5, 73, 47711
List the prime factors of 90274716.
2, 3, 7, 43, 2777
List the prime factors of 436850977.
31, 14091967
List the prime factors of 14003887.
193, 72559
List the prime factors of 238260655.
5, 3947, 12073
List the prime factors of 355164667.
11, 13, 2483669
What are the prime factors of 333973401?
3, 111324467
What are the prime factors of 3922360462?
2, 17, 115363543
List the prime factors of 2060537685.
3, 5, 23, 1201, 4973
What are the prime factors of 394506936?
2, 3, 419, 1453
What are the prime factors of 51653828?
2, 12913457
List the prime factors of 1733393912.
2, 83, 2610533
List the prime factors of 45074359.
11, 947, 4327
List the prime factors of 2913986715.
3, 5, 223, 871147
List the prime factors of 1342125707.
13, 17, 79, 76873
What are the prime factors of 929590?
2, 5, 92959
List the prime factors of 55140425.
5, 2205617
What are the prime factors of 312812657?
41, 151, 50527
List the prime factors of 485109710.
2, 5, 19, 2553209
What are the prime factors of 217062871?
217062871
What are the prime factors of 44174897?
13, 271, 12539
List the prime factors of 49371324.
2, 3, 4114277
List the prime factors of 98031009.
3, 32677003
List the prime factors of 30235864.
2, 29, 53, 2459
List the prime factors of 230579109.
3, 17, 227, 2213
What are the prime factors of 32866890?
2, 3, 5, 7, 53, 2953
What are the prime factors of 91549228?
2, 41, 101, 5527
List the prime factors of 423593884.
2, 7, 15128353
List the prime factors of 77967127.
7, 19, 43, 13633
List the prime factors of 53431509.
3, 1439, 12377
List the prime factors of 707079329.
11, 1663, 38653
What are the prime factors of 142144527?
3, 7, 577, 11731
List the prime factors of 2445265090.
2, 5, 43, 317, 17939
What are the prime factors of 12841290?
2, 3, 5, 7, 11, 17, 109
What are the prime factors of 602727795?
3, 5, 3331, 4021
List the prime factors of 1167638266.
2, 113, 5166541
List the prime factors of 411595601.
411595601
What are the prime factors of 2051394511?
4201, 488311
List the prime factors of 21121633.
13, 17, 31, 3083
What are the prime factors of 383372744?
2, 53, 904181
List the prime factors of 36874958.
2, 127, 145177
What are the prime factors of 77426171?
389, 199039
What are the prime factors of 261869832?
2, 3, 7, 79, 6577
List the prime factors of 63589585.
5, 12717917
What are the prime factors of 203738857?
7, 211, 137941
What are the prime factors of 59536544?
2, 1860517
List the prime factors of 2981326888.
2, 101, 3689761
What are the prime factors of 1900135205?
5, 487, 780343
List the prime factors of 2366347.
2366347
What are the prime factors of 318196335?
3, 5, 21213089
List the prime factors of 609768246.
2, 3, 991, 102551
List the prime factors of 4744943541.
3, 13, 881, 3541
List the prime factors of 13713564.
2, 3, 197, 5801
List the prime factors of 1955665362.
2, 3, 7, 6651923
List the prime factors of 2667215242.
2, 59, 1733, 13043
What are the prime factors of 1366734170?
2, 5, 2179, 62723
What are the prime factors of 4913170?
2, 5, 17, 28901
What are the prime factors of 338107737?
3, 11, 229, 44741
What are the prime factors of 56501124?
2, 3, 73, 64499
List the prime factors of 158437385.
5, 3533, 8969
What are the prime factors of 215086036?
2, 11, 4888319
List the prime factors of 206903786.
2, 1091, 94823
What are the prime factors of 3369241217?
53, 79, 757, 1063
List the prime factors of 25827015.
3, 5, 179, 9619
List the prime factors of 6368558.
2, 7, 43, 71, 149
What are the prime factors of 432626226?
2, 3, 379, 190249
List the prime factors of 459348209.
941, 488149
What are the prime factors of 402836354?
2, 433, 465169
What are the prime factors of 185452130?
2, 5, 47, 394579
List the prime factors of 1008739584.
2, 3, 37, 11833
What are the prime factors of 151684350?
2, 3, 5, 1011229
List the prime factors of 11353098.
2, 3, 1892183
List the prime factors of 1258837.
1258837
List the prime factors of 3435400631.
13, 264261587
List the prime factors of 189117359.
5527, 34217
What are the prime factors of 104508620?
2, 5, 83, 157, 401
What are the prime factors of 1060922452?
2, 265230613
List the prime factors of 79996528.
2, 4999783
What are the prime factors of 54644281?
103, 530527
List the prime factors of 41948831.
41948831
List the prime factors of 1324427426.
2, 7, 94601959
List the prime factors of 642856881.
3, 1381, 155167
List the prime factors of 5722172974.
2, 7, 408726641
List the prime factors of 1748503085.
5, 7, 61, 97, 8443
What are the prime factors of 1632024363?
3, 23, 461, 51307
What are the prime factors of 386403707?
61, 251, 25237
List the prime factors of 1336390141.
1627, 821383
What are the prime factors of 6129293?
23, 266491
What are the prime factors of 898289571?
3, 17, 17613521
List the prime factors of 3094641567.
3, 343849063
What are the prime factors of 321883664?
2, 31, 113, 5743
What are the prime factors of 2850245070?
2, 3, 5, 95008169
What are the prime factors of 83800342?
2, 47, 891493
What are the prime factors of 231419668?
2, 57854917
List the prime factors of 1169951511.
3, 23, 16955819
What are the prime factors of 18685311?
3, 479, 13003
What are the prime factors of 2771349178?
2, 13, 106590353
What are the prime factors of 4647825552?
2, 3, 96829699
List the prime factors of 7414572588.
2, 3, 53, 11658133
What 